Suppose 0 = q - 5*n - 4, -20 = 2*n + l*n. What is the units digit of (-3)/(2 - q/(-6))?
2
Let b(d) = d**3 - 3*d**2 - 3*d + 7. Let k be b(5). Suppose -25 - 19 = 2*r. Let h = k + r. What is the tens digit of h?
2
Suppose 20 = 2*d - 26. What is the tens digit of d?
2
Let z = 3 + -5. Let x(d) = d**3 + d**2 - 3*d - 1. Let y be x(z). What is the units digit of 4/y*9/6?
6
Let y(a) = -6*a. Let j be y(1). Let m = -4 - j. Suppose -m*f + 0*f = -22. What is the tens digit of f?
1
Let k be (-4)/22 - (-233)/11. Suppose 8*t = 3*t, q - k = 4*t. Suppose -q = -2*i - i. What is the units digit of i?
7
Let k = 54 + -35. What is the tens digit of k?
1
Let a(w) = 1. Let t(s) = s - 4. Let i(y) = -a(y) - t(y). Let j be i(-3). Let u = -2 + j. What is the units digit of u?
4
Suppose -2*m + 1 - 5 = w, -w = m. What is the units digit of w?
4
Let s = 14 - 10. Suppose 0*z + s*z = 12. What is the units digit of 3*(3 - 7/z)?
2
Suppose 0 = 2*u + 3*u - 25. Suppose 3*r - u*r + 20 = 0. What is the units digit of r?
0
Let s = 3 - 3. Suppose s = -2*o + o + 2*u - 4, -4*o = 2*u - 34. What is the units digit of 423/33 + o/33?
3
Suppose 0 = 2*k - 8 - 2. Suppose z + f - 110 = -2*z, -f = -k*z + 178. Suppose -3*a + 3 = -0*v - 3*v, -z = -4*a - 4*v. What is the units digit of a?
5
Suppose -20 = 4*n, -4*n = -m - n + 61. What is the units digit of m?
6
Let q be (-5)/((-20)/8) + 27. Suppose q - 3 = m - 3*p, -p + 104 = 4*m. What is the tens digit of m?
2
Let j(m) = 10*m**2 - 1. Let h be j(-1). Suppose 3*o = 21 + h. What is the units digit of o?
0
Suppose q = -0*q + 93. Suppose q = -2*p + 15. Let g = -20 - p. What is the units digit of g?
9
Suppose -5*q - 17 = -12. What is the units digit of q - (-1 - -3) - -12?
9
Let d be -2*((-50)/4)/5. Let g be (-57)/d + 8/20. What is the units digit of g*(-2)/(-4)*-2?
1
Let q be 24 - (-3 - 1/1). What is the tens digit of -3 + -1*(-1 - q)?
2
Suppose 4 = -4*d + 2*d. Let o = d - -8. Let c = o - -1. What is the units digit of c?
7
Suppose 0 = 5*w - 20, 2*y - 5*y + 3*w + 231 = 0. What is the units digit of y?
1
Let t(z) = -z**2 + 7*z + 2. Let d be t(7). Suppose 0 = -i + d*i. Suppose -5*w - 17 + 57 = i. What is the units digit of w?
8
Suppose -u + 3 + 13 = 0. What is the units digit of 6/(2/(u/12))?
4
Let a = 14 + -9. Suppose -u + 7*h - 2*h = -4, a*u + 5*h = 20. Suppose u*l - 6 = 3*l. What is the units digit of l?
6
What is the tens digit of 2/3 + 61*(-4)/(-12)?
2
What is the units digit of (-8 - -24) + (0 - 1)?
5
Let o = 431 - 289. What is the hundreds digit of o?
1
What is the units digit of 16/32*26/1?
3
Suppose q - 49 = 4*i, -4*i + 0 = 20. What is the units digit of q?
9
Let i(v) = -v**2 + 21*v - 27. What is the units digit of i(13)?
7
Suppose 4*l = 2*d + 687 - 109, l = 5*d + 167. What is the units digit of l?
2
Let t(n) = 4*n + 3. What is the units digit of t(5)?
3
Let r(v) = 3*v**2 + 2*v - 2. Suppose -5*o - 2 = 13. What is the tens digit of r(o)?
1
Suppose -5*a = 5*h - 5, 3*h + 4*a + 0 - 1 = 0. Suppose f + 4 = 4*p - h*f, -3*p + 8 = 2*f. Suppose p*z - 5*z + 33 = 0. What is the tens digit of z?
1
Suppose 389 = 8*o - 531. What is the hundreds digit of o?
1
Let y(b) = b**3 - 17*b**2 - 16*b + 33. What is the units digit of y(18)?
9
Let c = 117 + -89. What is the units digit of c?
8
Let s(n) = -n**2 - 2. Let u be s(-2). Let v be 1 + 0*(-2)/u. Suppose 0 = 2*j - j - v. What is the units digit of j?
1
Suppose 9*y = 4*y + 75. What is the units digit of y/2 - 3/(-6)?
8
Let j = 14 - 12. Suppose -j*l + 35 = -l. What is the tens digit of l?
3
Let k(l) = 4*l**2 - 6*l + 7. What is the units digit of k(2)?
1
Suppose 3*c - 17 = -5. Let b = -4 + c. Suppose -32 = -b*d - 4*d. What is the units digit of d?
8
Let d = 25 - 37. Let l = 7 + d. What is the units digit of 5*-1*6/l?
6
Let y(t) be the third derivative of t**5/60 + 5*t**4/24 - 2*t**3/3 - 2*t**2. Suppose 0 = 10*q - 5*q + 30. What is the units digit of y(q)?
2
Suppose -50 = -l + 2*i, 2*l - 132 = 3*i - 34. What is the tens digit of l?
4
Let k(m) = m**3 - 14*m**2 - 14*m - 15. Let c be k(15). Suppose -j + 5*d = 9, c = -d + 2. What is the units digit of j?
1
Let w be 0/(-2) + 0 - 0. Let a = w + 5. What is the units digit of a?
5
Let p = -3 - -7. Suppose p*d - 19 = u, 7 = -4*u + 4*d - 9. What is the units digit of u?
1
Suppose -2*y + 0*y + 106 = 0. Let a = -22 + y. What is the units digit of a?
1
Let g(w) = -29*w - 4. What is the tens digit of g(-2)?
5
Suppose -4*v = -8*v + 124. What is the units digit of v?
1
Suppose 4*q + 37 = -5*w, -3*q + 8 - 2 = -3*w. What is the units digit of (104/6)/(q/(-9))?
2
Suppose -8 = -2*m, 2*u - 4*m = -3*u + 944. Suppose 8*w - 4*w - u = 0. Suppose 3*b = 3*s + w, 2*b + s - 15 - 2 = 0. What is the units digit of b?
1
Suppose 43 + 5 = 3*n + 4*h, 12 = 4*h. Suppose -4*p = d - n, d + 2*p - 1 = 7. Suppose -4*k - d = 2*a, 4*k + k + 41 = 2*a. What is the units digit of a?
8
Suppose 8*u + 5980 = 31*u. What is the tens digit of u?
6
What is the units digit of ((-30)/7)/((-2)/14)?
0
Suppose -106 - 107 = -3*y. What is the units digit of y?
1
Let u be -1*(-41)/(-2)*-4. Suppose u = 5*q - 4*j, -2*j - 4 = -q + 16. Suppose 3*b = 1 + q. What is the units digit of b?
5
Let a(y) = -y**3 - 12*y**2 - 10*y + 16. Let h be a(-11). Suppose -6*p + 4*u = -p - 66, 3*u = -h*p + 38. Suppose -4*m + p = -18. What is the units digit of m?
7
Let n be ((-9)/(-15))/(3/15). What is the units digit of -4 + 9 + 1*n?
8
Let b be (16/6)/(2/6). Let j = b + 9. What is the units digit of j?
7
Suppose 53 = 3*r + 5*w, 5*r = -5*w + 59 + 26. Suppose -3*d = -5*a - 1, 4*d - 2*a - r = a. What is the units digit of d?
7
Let p(q) = q - 1. Suppose 3*b = -5*y + 42, y + 29 + 13 = 3*b. Let j = b - 6. What is the units digit of p(j)?
7
Let j(n) = -n**2 + 5. Let i be j(0). Suppose -2*m + i*m = 24. What is the units digit of m?
8
Let w = 72 + 24. What is the units digit of w?
6
Suppose 4*n = 2*d - 54, -2*d + 4*d - 18 = n. Suppose w - 4*w = 24. What is the units digit of (-3)/n - 30/w?
4
Let s(w) = -w**3 - 6*w**2 - w + 8. Let p be 6*-1*(-2 + 3). Let o be s(p). Suppose -2*j = 3*x - o, -3*j + 26 = 2*j + 3*x. What is the units digit of j?
4
Suppose 20 = -5*u - 25. Let q(h) = h**2 + 5*h - 3. What is the units digit of q(u)?
3
Let p = 393 - 264. What is the tens digit of p?
2
Let c = -1366 + 2996. What is the tens digit of c/70 - (-2)/(-7)?
2
Let w = 6 - 6. Suppose 2*m - q - 16 = w, -2*m - 5 = q - 13. What is the units digit of m?
6
Let y = -1 - -2. What is the units digit of y/(1/(9 - -1))?
0
Suppose -5*x = -x - 28. What is the units digit of x?
7
Suppose 220 = 2*t - 3*f, 0 = 2*f + f. What is the units digit of t?
0
Let z = 3 + -1. Suppose 12 = z*g + 4*a, -3*a + 12 + 32 = 4*g. What is the tens digit of g?
1
What is the tens digit of 6/(-4)*(-78)/9?
1
What is the units digit of (0 - 2/7) + (-1044)/(-28)?
7
Suppose -8 = -g - 2*v + 8, -5*g + 56 = 4*v. What is the units digit of g?
8
Suppose -5*x + 0*x + 100 = 0. What is the tens digit of (x/8)/(-5)*-26?
1
Let o = -1 + 4. Suppose 4*c + 2*t - 41 = -o, 0 = -c + t + 2. What is the units digit of c?
7
Suppose 31 = 3*m + 5*k, 0 = m - 0*k + 2*k - 12. Suppose -2*u = -4*t + 58, t - 6*u + m*u - 4 = 0. What is the tens digit of t?
1
Suppose 3*k + 3*q = -2*k + 1408, 0 = -2*k + 5*q + 588. What is the units digit of k?
4
Suppose 3*g - 3*y = -0*y - 141, 0 = 2*g + 2*y + 74. What is the units digit of -2 + g/(9/(-3))?
2
Let a = 173 - 72. What is the tens digit of a?
0
Let w = -2 - -3. Let f(a) = a**3 + 2*a**2 - 2*a + 1. Let b be f(w). Suppose -b*o = -4*m + 2*o + 28, -3*m + 21 = 4*o. What is the units digit of m?
7
Suppose -25*g + 24*g + 416 = 0. What is the tens digit of g?
1
Let i be (-2 + 3 - -3)*2. Let x be (0 - (-14)/2)*i. What is the units digit of (-2)/(-6) - x/(-12)?
5
Suppose p - 1 = -2*a + 7, 4*p - 24 = -4*a. Let y = 16 - a. Suppose -t + y = w, 34 - 2 = 2*t + 4*w. What is the units digit of t?
2
Suppose -4*z + 10*g = 5*g - 46, -g = 2*z - 30. What is the units digit of z?
4
Let j = -241 - -369. Suppose 40 = 5*q - 3*f - 92, 0 = -5*q + 2*f + j. What is the units digit of q?
4
Let f = 320 - 189. Suppose -5*o + 213 = -3*l, -l = -3*o - 0*l + f. Suppose 0*w = 5*w - o. What is the units digit of w?
9
What is the units digit of (60/7)/(6/42)?
0
Suppose -3*c + 5*j + 31 = 0, c = 5*c + 4*j + 12. What is the tens digit of ((-20)/c)/